{"id":45,"date":"2014-09-23T16:01:11","date_gmt":"2014-09-23T14:01:11","guid":{"rendered":"http:\/\/nk-symposium.org\/aknk\/?page_id=45"},"modified":"2026-03-01T12:02:10","modified_gmt":"2026-03-01T10:02:10","slug":"mitgliedschaft","status":"publish","type":"page","link":"http:\/\/nk-symposium.org\/aknk\/?page_id=45","title":{"rendered":"Mitgliedschaft"},"content":{"rendered":"<p>Alle interessierten Wissenschaftler, deren Forschungsgebiet die Arbeit mit NK-Zellen und ILCs (ILC1-3) mit einschlie\u00dft, sind eingeladen, Mitglied des Arbeitskreises zu werden. Die Mitgliedschaft ist kostenlos. F\u00fcr Mitglieder existiert eine Email Liste, \u00fcber die Reagenzien und Protokolle ausgetauscht werden k\u00f6nnen. Ferner k\u00f6nnen Mitglieder die Informationen \u00fcber NK-Zellen und ILCs auf dieser Seite mitgestalten. Das Hauptanliegen des Arbeitskreises ist, ein Netzwerk zu etablieren, um die NK-Zell- und ILC-Forschung auf nationaler Ebene besser zu koordinieren und auch international sichtbarer zu machen und auszubauen. Ein wichtiges Instrument des Arbeitskreises ist ein j\u00e4hrliches Symposium das zur Diskussion aktueller Themen aus dem Gebiet der NK-Zellen und ILCs dient (siehe <a title=\"Aktivit\u00e4ten\" href=\"http:\/\/nk-symposium.org\/aknk\/?page_id=41\">Aktivit\u00e4ten<\/a>).<\/p>\n<p>Hier gehts zur&nbsp;<a href=\"https:\/\/dgfi.org\/arbeitskreise\/anmeldung\/\" target=\"_blank\" rel=\"noopener\">Anmeldung<\/a>.<\/p>\n<p>(Der Link leitet Sie auf die Seiten der Deutschen Gesellschaft f\u00fcr Immunologie weiter. Bitte f\u00fcllen Sie das Formular entsprechend aus, um sich beim Arbeitskreis anzumelden).<\/p>\n","protected":false},"excerpt":{"rendered":"<p>Alle interessierten Wissenschaftler, deren Forschungsgebiet die Arbeit mit NK-Zellen und ILCs (ILC1-3) mit einschlie\u00dft, sind eingeladen, Mitglied des Arbeitskreises zu werden. Die Mitgliedschaft ist kostenlos. F\u00fcr Mitglieder existiert eine Email Liste, \u00fcber die Reagenzien und Protokolle ausgetauscht werden k\u00f6nnen. Ferner k\u00f6nnen Mitglieder die Informationen \u00fcber NK-Zellen und ILCs auf dieser Seite mitgestalten. Das Hauptanliegen des [&hellip;]<\/p>\n","protected":false},"author":1,"featured_media":0,"parent":0,"menu_order":5,"comment_status":"closed","ping_status":"closed","template":"","meta":[],"_links":{"self":[{"href":"http:\/\/nk-symposium.org\/aknk\/index.php?rest_route=\/wp\/v2\/pages\/45"}],"collection":[{"href":"http:\/\/nk-symposium.org\/aknk\/index.php?rest_route=\/wp\/v2\/pages"}],"about":[{"href":"http:\/\/nk-symposium.org\/aknk\/index.php?rest_route=\/wp\/v2\/types\/page"}],"author":[{"embeddable":true,"href":"http:\/\/nk-symposium.org\/aknk\/index.php?rest_route=\/wp\/v2\/users\/1"}],"replies":[{"embeddable":true,"href":"http:\/\/nk-symposium.org\/aknk\/index.php?rest_route=%2Fwp%2Fv2%2Fcomments&post=45"}],"version-history":[{"count":10,"href":"http:\/\/nk-symposium.org\/aknk\/index.php?rest_route=\/wp\/v2\/pages\/45\/revisions"}],"predecessor-version":[{"id":754,"href":"http:\/\/nk-symposium.org\/aknk\/index.php?rest_route=\/wp\/v2\/pages\/45\/revisions\/754"}],"wp:attachment":[{"href":"http:\/\/nk-symposium.org\/aknk\/index.php?rest_route=%2Fwp%2Fv2%2Fmedia&parent=45"}],"curies":[{"name":"wp","href":"https:\/\/api.w.org\/{rel}","templated":true}]}}